ve y(0).
-7
Let s(j) = j**3 - 26*j**2 + 24*j + 37. Determine s(25).
12
Let j(b) = 8*b - 4. What is j(-5)?
-44
Let k(j) = 4*j**3 + j**2. Calculate k(1).
5
Let h(l) = 2*l**3 + 11*l**2 + 4*l + 1. What is h(-5)?
6
Let v(f) = 28*f - 195. Determine v(7).
1
Let d(n) = -n**2 - 12*n + 14. What is d(-13)?
1
Let a(n) = -3*n + 9. What is a(5)?
-6
Let k(b) = -b + 29. Determine k(11).
18
Let s(c) = -c**3 - 8*c**2 + 8*c + 9. Calculate s(-8).
-55
Let n(f) = -f**3 - 3*f**2 - 2. Calculate n(-3).
-2
Let m(r) = r**3 + 3*r**2 + 5*r + 24. Calculate m(-3).
9
Let o(d) = -2*d**2 + 15*d - 13. Determine o(5).
12
Let k(x) = x**3 - 4*x**2 - 6*x - 7. Give k(5).
-12
Let v(c) = -c**3 - 9*c**2 - 12*c - 21. Give v(-9).
87
Let a(y) = -y**2 - 7*y + 16. Give a(-9).
-2
Let c(v) = v**3 - 5*v**2 - 4*v + 4. Give c(5).
-16
Let i(v) = -2*v - 52. What is i(-23)?
-6
Let n(b) = 6*b + 81. What is n(-14)?
-3
Let d(w) = -2*w**2 - 16*w - 17. Determine d(-7).
-3
Let b(o) = o**3 - 51*o**2 + 58. Give b(51).
58
Let i(k) = -k**2 - k - 12. Give i(0).
-12
Let t(y) = 4*y - 8. Determine t(7).
20
Let s(n) = 2*n**2 + 8*n + 3. Give s(-4).
3
Let m(z) = -z**2 - 5*z. Calculate m(4).
-36
Let x(s) = -3*s + 103. Determine x(36).
-5
Let y(h) = -h**3 + 2*h**2 + 10*h - 14. Calculate y(6).
-98
Let x(p) = -86*p - 421. What is x(-5)?
9
Let f(c) = 2*c**3 - 16*c**2 + 12*c + 9. What is f(7)?
-5
Let c(y) = -y**3 - 21*y**2 - 8*y - 66. Give c(-21).
102
Let g(b) = b**3 - 12*b**2 - 14*b + 10. Calculate g(13).
-3
Let x(a) = 3*a**2 + 23*a - 29. Determine x(-8).
-21
Let y(i) = -i**2 - 20*i - 49. What is y(-13)?
42
Let s(v) = v**3 - 13*v**2 + v - 7. What is s(13)?
6
Let j(a) = a**2 + 5*a - 7. What is j(-6)?
-1
Let j(f) = f**3 + 4*f**2 + 3*f + 32. Calculate j(-5).
-8
Let a(d) = -d**2 + 16. Give a(0).
16
Let r(x) = -14*x - 37. What is r(-5)?
33
Let k(s) = 5*s**2 + s - 2. Give k(-2).
16
Let p(x) = x**2 - x - 47. Determine p(-7).
9
Let o(q) = -15*q - 61. Calculate o(0).
-61
Let k(c) = -2*c**2 + 19*c + 3. Calculate k(13).
-88
Let i(r) = 2*r - 50. Give i(27).
4
Let t(d) = 2*d**2 - d - 3. Give t(2).
3
Let w(d) = -2*d**2 - 32*d + 40. Determine w(-17).
6
Let v(r) = -2*r**2 - r - 45. What is v(0)?
-45
Let a(n) = -n**2 - n - 10. Determine a(0).
-10
Let n(m) = 3*m + 3. Calculate n(7).
24
Let o(y) = -y**2 + 4*y + 13. Calculate o(-3).
-8
Let g(u) = 14*u + 79. Determine g(-5).
9
Let j(u) = -4*u - 41. Determine j(-12).
7
Let a(q) = -45*q + 23. Calculate a(2).
-67
Let l(u) = u**3 - 5*u**2 - 8*u + 9. What is l(6)?
-3
Let f(q) = -2*q**3 - 20*q**2 + 24*q + 14. What is f(-11)?
-8
Let i(q) = q**3 - q**2 + 2*q - 2. Calculate i(1).
0
Let r(j) = j - 1. Calculate r(16).
15
Let o(h) = 41*h**3 + h**2 - h - 1. Give o(-1).
-40
Let b(h) = -h**3 + 11*h**2 + 41*h + 23. What is b(14)?
9
Let t(h) = 2*h**2 + 17*h + 2. Calculate t(-8).
-6
Let i(z) = -3*z + 22. Calculate i(9).
-5
Let s(j) = j**3 + 15*j**2 + 3*j + 37. Give s(-15).
-8
Let z(u) = u**2 + 24*u - 14. Calculate z(-20).
-94
Let m(x) = -7*x - 20. What is m(-16)?
92
Let g(f) = -23*f**2 - 1. Determine g(1).
-24
Let i(n) = n**3 + 10*n**2 + 20*n + 1. Give i(-8).
-31
Let r(l) = -15*l + 84. What is r(6)?
-6
Let l(c) = -c**3 - c**2 + c + 29. What is l(0)?
29
Let x(c) = c**3 + 34*c**2 + 65*c + 30. What is x(-32)?
-2
Let f(s) = -3*s**3 + 5*s**2 - 2*s - 2. What is f(3)?
-44
Let b(a) = a + 2. Give b(-7).
-5
Let a(u) = u**2 - 16*u + 9. Calculate a(14).
-19
Let g(x) = -x**2 + 16*x + 2. Determine g(14).
30
Let w(q) = q**3 + 13*q**2 - 11*q + 41. Give w(-14).
-1
Let i(k) = -2*k + 4. What is i(0)?
4
Let c(w) = -w - 10. Calculate c(18).
-28
Let f(j) = j + 47. What is f(0)?
47
Let s(i) = i**3 + 6*i**2 + 3*i - 12. What is s(-3)?
6
Let f(r) = r**3 - 10*r**2 - r + 2. What is f(10)?
-8
Let l(y) = -5*y + 17. What is l(-4)?
37
Let c(f) = -14*f + 1. What is c(-7)?
99
Let i(c) = -42*c - 16. Determine i(-6).
236
Let f(s) = -s**2 - 15*s - 16. Determine f(-13).
10
Let v(z) = 34*z. What is v(-1)?
-34
Let a(v) = 2*v + 14. Determine a(-17).
-20
Let g(x) = -4*x**2 - 5*x - 1. What is g(-2)?
-7
Let m(s) = s**3 + 10*s**2 + 21*s - 3. Determine m(-7).
-3
Let y(p) = -3*p**2 + 30*p - 11. Calculate y(10).
-11
Let a(f) = f**3 + 6*f**2 + 3*f - 4. Give a(-4).
16
Let f(y) = -y**3 - 25*y**2 - 161*y - 54. Determine f(-12).
6
Let g(r) = -r**2 - 15*r + 28. Calculate g(-13).
54
Let r(c) = 23*c - 103. Calculate r(5).
12
Let y(x) = -x - 14. Give y(-6).
-8
Let p(t) = -t - 25. Give p(24).
-49
Let n(x) = 2*x**3 - 9*x**2 + 5*x + 3. Determine n(4).
7
Let n(h) = -11*h - 36. What is n(-5)?
19
Let d(n) = -27*n + 1. Determine d(-1).
28
Let f(w) = -4*w + 22. What is f(4)?
6
Let b(n) = n**2 - 13*n + 21. Determine b(13).
21
Let g(a) = -a**3 + 6*a**2 - 2*a + 6. Give g(6).
-6
Let g(l) = -l**2 + 17*l - 26. Determine g(16).
-10
Let t(q) = -q + 11. Give t(9).
2
Let q(a) = a**3 + 12*a**2 + 14*a + 21. What is q(-11)?
-12
Let n(s) = -s**2 - 9*s + 5. Determine n(-4).
25
Let b(z) = 5*z + 19. Give b(3).
34
Let b(v) = -2*v + 8. What is b(7)?
-6
Let q(l) = l**3 + 10*l**2 - 4*l - 13. Calculate q(-10).
27
Let n(r) = 2*r**2 + 71*r - 20. What is n(-36)?
16
Let a(m) = -m**2 + 4*m + 24. Give a(-3).
3
Let w(v) = v**2 + v - 1. Determine w(-3).
5
Let p(b) = -b**2 - b - 11. Give p(13).
-193
Let g(z) = 8*z - 36. Determine g(8).
28
Let i(v) = -v**2 - 63*v - 341. Calculate i(-57).
1
Let d(o) = 2*o**2 + 14*o + 23. Calculate d(-12).
143
Let f(a) = -7*a**2 - 55*a + 15. Give f(-8).
7
Let u(c) = -c**2 - 12*c + 31. Determine u(-14).
3
Let a(z) = -z**3 - 8*z**2 - 3*z + 5. Give a(-7).
-23
Let h(i) = 3*i + 19. Calculate h(-6).
1
Let j(y) = y**2 + 1. Calculate j(-3).
10
Let q(h) = 2*h**3 - 20*h**2 + 12. Give q(10).
12
Let v(i) = -2*i**2 + 7*i - 4. Calculate v(3).
-1
Let h(i) = -i**3 + 6*i**2 + 6. Give h(0).
6
Let s(b) = 2*b**3 + 7*b**2 + 7*b - 3. Determine s(-2).
-5
Let j(v) = 2*v + 6. What is j(13)?
32
Let x(l) = -183*l + 1095. Give x(6).
-3
Let g(l) = -l**3 + 31*l**2 + l + 40. Calculate g(31).
71
Let b(y) = 36*y**3 - 2*y**2 - 3*y - 3. What is b(-1)?
-38
Let y(c) = -c**3 + 10*c**2 + 3*c - 16. What is y(10)?
14
Let d(a) = -2*a**2 - a + 5. Give d(0).
5
Let c(y) = -y**2 - y + 36. Give c(-7).
-6
Let r(u) = -u**3 + 8*u**2 - 11*u + 41. Calculate r(6).
47
Let c(b) = -b - 9. Determine c(-4).
-5
Let g(n) = n**2 + 2*n - 1. Give g(-2).
-1
Let k(u) = -83*u + 2907. Determine k(35).
2
Let n(f) = -18*f + 157. Give n(9).
-5
Let r(p) = -p**2 - 12*p + 63. Give r(-16).
-1
Let b(x) = -7*x - 18. What is b(-9)?
45
Let x(f) = 5*f + 101. Determine x(-20).
1
Let v(f) = f - 1. Give v(10).
9
Let o(i) = -2*i**2 + 19*i - 14. Calculate o(8).
10
Let g(u) = 21*u + 121. Calculate g(-5).
16
Let t(n) = -5*n**2 - 21*n - 6. Give t(-5).
-26
Let t(i) = -2*i + 36. What is t(22)?
-8
Let h(m) = -m**2 + 24. What is h(6)?
-12
Let d(x) = x**3 + 6*x**2 - 8*x - 4. Give d(-7).
3
Let m(v) = -v**2 + v - 3. Determine m(-6).
-45
Let v(f) = -21*f + 9. Calculate v(2).
-33
Let k(f) = 3*f + 25. Give k(-11).
-8
Let q(d) = -5*d**3 + 3*d**2 - 3*d. Calculate q(2).
-34
Let m(q) = -37*q - 851. What is m(-23)?
0
Let s(f) = 3*f**2 + f. What is s(-2)?
10
Let s(z) = -z**3 + 11*z**2 - 15*z - 21. Give s(9).
6
Let x(r) = -r**3 - 4*r**2 - r + 1. Calculate x(-4).
5
Let d(g) = g**3 - 5*g**2 + 4*g - 54. Calculate d(6).
6
Let i(p) = 30*p - 665. What is i(22)?
-5
Let o(b) = b**3 - 10*b**2 - 16*b + 46. Determine o(11).
-9
Let p(l) = -l**3 - 87*l**2 - 330*l + 8. Calculate p(-4).
0
Let q(n) = -n**2 - 16*n - 64. Give q(-7).
-1
Let s(y) = 60*y**2 + 57*y + 2. What is s(-1)?
5
Let p(n) = -19*n - 76. Give p(-3).
-19
Let y(q) = q**3 + q. Determine y(1).
2
Let u(q) = -q**3 - 3*q**2 + 4*q + 6. Give u(-4).
6
Let p(u) = 3*u - 11. What is p(10)?
19
Let w(z) = z**2 + 12*z + 24. Give w(-9).
-3
Let z(t) = t + 89. What is z(0)?
89
Let h(m) = m**3 + 31*m**2 - 2*m - 64. Give h(-31).
-2
Let j(a) = -a**3 + 18*a**2 - 56*a - 8. What is j(14)?
-8
Let c(a) = -a**3 + 6*a**2 - 3*a + 5. Calculate c(4).
25
Let u(m) = -6*m - 4. Calculate u(-9).
50
Let n(c) = 4*c - 1. Give n(3).
11
Let x(l) = 4*l**3 - 3*l**2 - 5*l - 1. Determine x(-1).
-3
Let y(b) = -b**3 - 8*b**2 + 5*b + 5. Give y(-8).
-35
Let b(u) = -u**3 + 19*u**2 - 16*u - 40. Calculate b(18).
-4
Let s(b) = -b**3 + 10*b**2 + 8*b - 12. Calculate s(11).
-45
Let f(o) = o**2 + 2*o - 15. What is f(-7)?
20
Let x(w) = 46*w**2 + 1. Calculate x(-1).
47
Let m(f)